{"id":362,"date":"2025-06-23T15:47:31","date_gmt":"2025-06-23T12:47:31","guid":{"rendered":"https:\/\/accesformare.com\/?page_id=362"},"modified":"2025-06-25T12:40:18","modified_gmt":"2025-06-25T09:40:18","slug":"cursuri","status":"publish","type":"page","link":"https:\/\/startconsiliere.com\/?page_id=362","title":{"rendered":"Cursuri"},"content":{"rendered":"<section class=\"l-section wpb_row height_medium\"><div class=\"l-section-h i-cf\"><div class=\"g-cols vc_row via_grid cols_1-2 laptops-cols_inherit tablets-cols_inherit mobiles-cols_1 valign_top type_default stacking_default\"><div class=\"wpb_column vc_column_container type_sticky\"><div class=\"vc_column-inner\"><h2 class=\"w-text us_custom_703b2333\"><span class=\"w-text-h\"><span class=\"w-text-value\">Cursuri GRATUITE<\/span><\/span><\/h2><div class=\"w-separator size_medium\"><\/div><h2 class=\"w-text us_custom_8ac662a2 has_text_color\"><a href=\"?page_id=472\" class=\"w-text-h\"><span class=\"w-text-value\">Inscriere<br \/>\nON-LINE<\/span><\/a><\/h2><div class=\"w-btn-wrapper align_center\"><a class=\"w-btn us-btn-style_1\" href=\"?page_id=472\"><span class=\"w-btn-label\">Formular<\/span><\/a><\/div><\/div><\/div><div class=\"wpb_column vc_column_container\"><div class=\"vc_column-inner\"><div class=\"w-tabs style_default switch_click accordion has_scrolling remove_indents\"><div class=\"w-tabs-sections titles-align_none icon_plus cpos_left\"><div class=\"w-tabs-section\" id=\"db8d\" style=\"background:var(--color-content-bg);\"><button class=\"w-tabs-section-header\" aria-controls=\"content-db8d\" aria-expanded=\"false\"><h6 class=\"w-tabs-section-title\">Lucr\u0103tor room service hotel (nivel 1)<\/h6><div class=\"w-tabs-section-control\"><\/div><\/button><div  class=\"w-tabs-section-content\" id=\"content-db8d\"><div class=\"w-tabs-section-content-h i-cf\"><div class=\"wpb_text_column\"><div class=\"wpb_wrapper\"><p>Asigur\u0103 servirea \u015fi livrarea comenzilor de m\u00e2ncare \u015fi b\u0103utur\u0103 la camerele de hotel.<\/p>\n<\/div><\/div><\/div><\/div><\/div><div class=\"w-tabs-section\" id=\"dced\" style=\"background:var(--color-content-bg);\"><button class=\"w-tabs-section-header\" aria-controls=\"content-dced\" aria-expanded=\"false\"><h6 class=\"w-tabs-section-title\">Femeie de serviciu (nivel 1)<\/h6><div class=\"w-tabs-section-control\"><\/div><\/button><div  class=\"w-tabs-section-content\" id=\"content-dced\"><div class=\"w-tabs-section-content-h i-cf\"><div class=\"wpb_text_column\"><div class=\"wpb_wrapper\"><p>Realizeaz\u0103 activit\u0103\u0163i de igienizare \u015fi \u00eentre\u0163inere a spa\u0163iilor \u015fi echipamentelor.<\/p>\n<\/div><\/div><\/div><\/div><\/div><div class=\"w-tabs-section\" id=\"fe29\" style=\"background:var(--color-content-bg);\"><button class=\"w-tabs-section-header\" aria-controls=\"content-fe29\" aria-expanded=\"false\"><h6 class=\"w-tabs-section-title\">Ajutor buc\u0103tar (nivel 1)<\/h6><div class=\"w-tabs-section-control\"><\/div><\/button><div  class=\"w-tabs-section-content\" id=\"content-fe29\"><div class=\"w-tabs-section-content-h i-cf\"><div class=\"wpb_text_column\"><div class=\"wpb_wrapper\"><p>Particip\u0103 la preg\u0103tirea \u015fi manipularea ingredientelor \u015fi asigur\u0103 cur\u0103\u0163enia echipamentelor \u015fi spa\u0163iilor din buc\u0103t\u0103rie.<\/p>\n<\/div><\/div><\/div><\/div><\/div><div class=\"w-tabs-section\" id=\"tf5c\" style=\"background:var(--color-content-bg);\"><button class=\"w-tabs-section-header\" aria-controls=\"content-tf5c\" aria-expanded=\"false\"><h6 class=\"w-tabs-section-title\">Operator deratizare, dezinsec\u0163ie \u015fi dezinfec\u0163ie (nivel 1)<\/h6><div class=\"w-tabs-section-control\"><\/div><\/button><div  class=\"w-tabs-section-content\" id=\"content-tf5c\"><div class=\"w-tabs-section-content-h i-cf\"><div class=\"wpb_text_column\"><div class=\"wpb_wrapper\"><p>Efectueaz\u0103 lucr\u0103ri de dezinsec\u021bie \u015fi deratizare a spa\u0163iilor \u015fi echipamentelor.<\/p>\n<\/div><\/div><\/div><\/div><\/div><div class=\"w-tabs-section\" id=\"u096\" style=\"background:var(--color-content-bg);\"><button class=\"w-tabs-section-header\" aria-controls=\"content-u096\" aria-expanded=\"false\"><h6 class=\"w-tabs-section-title\">Lucr\u0103tor utilaje specializate pentru salubrizare (nivel 1)<\/h6><div class=\"w-tabs-section-control\"><\/div><\/button><div  class=\"w-tabs-section-content\" id=\"content-u096\"><div class=\"w-tabs-section-content-h i-cf\"><div class=\"wpb_text_column\"><div class=\"wpb_wrapper\"><p>Opereaz\u0103 \u015fi \u00eentre\u0163ine utilaje \u015fi echipamente de salubrizare \u015fi igienizare a spa\u0163iilor \u015fi str\u0103zilor.<\/p>\n<\/div><\/div><\/div><\/div><\/div><div class=\"w-tabs-section\" id=\"g1c4\" style=\"background:var(--color-content-bg);\"><button class=\"w-tabs-section-header\" aria-controls=\"content-g1c4\" aria-expanded=\"false\"><h6 class=\"w-tabs-section-title\">\u00cengrijitor spa\u0163ii verzi (nivel 1)<\/h6><div class=\"w-tabs-section-control\"><\/div><\/button><div  class=\"w-tabs-section-content\" id=\"content-g1c4\"><div class=\"w-tabs-section-content-h i-cf\"><div class=\"wpb_text_column\"><div class=\"wpb_wrapper\"><p>Se ocup\u0103 de \u00eentre\u0163inerea \u015fi amenajarea spa\u0163iilor verzi \u015fi a parcurilor.<\/p>\n<\/div><\/div><\/div><\/div><\/div><div class=\"w-tabs-section\" id=\"d2ef\" style=\"background:var(--color-content-bg);\"><button class=\"w-tabs-section-header\" aria-controls=\"content-d2ef\" aria-expanded=\"false\"><h6 class=\"w-tabs-section-title\">Confec\u0163ioner asamblor articole din textile (nivel 2)<\/h6><div class=\"w-tabs-section-control\"><\/div><\/button><div  class=\"w-tabs-section-content\" id=\"content-d2ef\"><div class=\"w-tabs-section-content-h i-cf\"><div class=\"wpb_text_column\"><div class=\"wpb_wrapper\"><p>Asambleaz\u0103 \u015fi finiseaz\u0103 produse textile dup\u0103 schi\u0163e \u015fi instruc\u0163iuni.<\/p>\n<\/div><\/div><\/div><\/div><\/div><div class=\"w-tabs-section\" id=\"c427\" style=\"background:var(--color-content-bg);\"><button class=\"w-tabs-section-header\" aria-controls=\"content-c427\" aria-expanded=\"false\"><h6 class=\"w-tabs-section-title\">Lucr\u0103tor comercial (nivel 2)<\/h6><div class=\"w-tabs-section-control\"><\/div><\/button><div  class=\"w-tabs-section-content\" id=\"content-c427\"><div class=\"w-tabs-section-content-h i-cf\"><div class=\"wpb_text_column\"><div class=\"wpb_wrapper\"><p>Organizeaz\u0103 \u015fi expune produsele la raft, ajut\u0103 \u015fi consiliaz\u0103 clien\u0163ii \u015fi administreaz\u0103 v\u00e2nz\u0103rile.<\/p>\n<\/div><\/div><\/div><\/div><\/div><div class=\"w-tabs-section\" id=\"r553\" style=\"background:var(--color-content-bg);\"><button class=\"w-tabs-section-header\" aria-controls=\"content-r553\" aria-expanded=\"false\"><h6 class=\"w-tabs-section-title\">Manichiurist (nivel 2)<\/h6><div class=\"w-tabs-section-control\"><\/div><\/button><div  class=\"w-tabs-section-content\" id=\"content-r553\"><div class=\"w-tabs-section-content-h i-cf\"><div class=\"wpb_text_column\"><div class=\"wpb_wrapper\"><p>Ofer\u0103 servicii de \u00eengrijire \u015fi \u00eentre\u0163inere a unghiilor \u015fi pielii m\u00e2inilor \u015fi picioarelor.<\/p>\n<\/div><\/div><\/div><\/div><\/div><div class=\"w-tabs-section\" id=\"t67f\" style=\"background:var(--color-content-bg);\"><button class=\"w-tabs-section-header\" aria-controls=\"content-t67f\" aria-expanded=\"false\"><h6 class=\"w-tabs-section-title\">Frizer (nivel 2)<\/h6><div class=\"w-tabs-section-control\"><\/div><\/button><div  class=\"w-tabs-section-content\" id=\"content-t67f\"><div class=\"w-tabs-section-content-h i-cf\"><div class=\"wpb_text_column\"><div class=\"wpb_wrapper\"><p>Ofer\u0103 servicii de tundere \u015fi \u00eengrijire a p\u0103rului \u015fi b\u0103rbii.<\/p>\n<\/div><\/div><\/div><\/div><\/div><div class=\"w-tabs-section\" id=\"t7a7\" style=\"background:var(--color-content-bg);\"><button class=\"w-tabs-section-header\" aria-controls=\"content-t7a7\" aria-expanded=\"false\"><h6 class=\"w-tabs-section-title\">Camerist\u0103 hotel (nivel 2)<\/h6><div class=\"w-tabs-section-control\"><\/div><\/button><div  class=\"w-tabs-section-content\" id=\"content-t7a7\"><div class=\"w-tabs-section-content-h i-cf\"><div class=\"wpb_text_column\"><div class=\"wpb_wrapper\"><p>Asigur\u0103 igienizarea \u015fi \u00eentre\u0163inerea camerelor \u015fi spa\u0163iilor de cazare.<\/p>\n<\/div><\/div><\/div><\/div><\/div><div class=\"w-tabs-section\" id=\"h8db\" style=\"background:var(--color-content-bg);\"><button class=\"w-tabs-section-header\" aria-controls=\"content-h8db\" aria-expanded=\"false\"><h6 class=\"w-tabs-section-title\">Competen\u0163e digitale de utilizare a tehnologiei informa\u0163iei (non ANC)<\/h6><div class=\"w-tabs-section-control\"><\/div><\/button><div  class=\"w-tabs-section-content\" id=\"content-h8db\"><div class=\"w-tabs-section-content-h i-cf\"><div class=\"wpb_text_column\"><div class=\"wpb_wrapper\"><p>Formare \u00een domeniul utiliz\u0103rii calculatorului \u015fi internetului drept instrument de informare \u015fi cunoa\u015ftere.<\/p>\n<\/div><\/div><\/div><\/div><\/div><div class=\"w-tabs-section\" id=\"aa04\" style=\"background:var(--color-content-bg);\"><button class=\"w-tabs-section-header\" aria-controls=\"content-aa04\" aria-expanded=\"false\"><h6 class=\"w-tabs-section-title\">Competen\u0163e matematice (non ANC)<\/h6><div class=\"w-tabs-section-control\"><\/div><\/button><div  class=\"w-tabs-section-content\" id=\"content-aa04\"><div class=\"w-tabs-section-content-h i-cf\"><div class=\"wpb_text_column\"><div class=\"wpb_wrapper\"><p>Dezvoltarea abilit\u0103\u0163ilor \u015fi no\u0163iunilor de baz\u0103 de calcul \u015fi rezolvare a problemelor practice.<\/p>\n<\/div><\/div><\/div><\/div><\/div><div class=\"w-tabs-section\" id=\"xb2d\" style=\"background:var(--color-content-bg);\"><button class=\"w-tabs-section-header\" aria-controls=\"content-xb2d\" aria-expanded=\"false\"><h6 class=\"w-tabs-section-title\">Competen\u0163e de limba rom\u00e2n\u0103 (non ANC)<\/h6><div class=\"w-tabs-section-control\"><\/div><\/button><div  class=\"w-tabs-section-content\" id=\"content-xb2d\"><div class=\"w-tabs-section-content-h i-cf\"><div class=\"wpb_text_column\"><div class=\"wpb_wrapper\"><p>Consolidarea \u015fi dezvoltarea abilit\u0103\u0163ilor de comunicare \u015fi exprimare scris\u0103 \u015fi oral\u0103.<\/p>\n<\/div><\/div><\/div><\/div><\/div><\/div><\/div><\/div><\/div><\/div><\/div><\/section>\n","protected":false},"excerpt":{"rendered":"Cursuri GRATUITEInscriere ON-LINEFormularLucr\u0103tor room service hotel (nivel 1)Asigur\u0103 servirea \u015fi livrarea comenzilor de m\u00e2ncare \u015fi b\u0103utur\u0103 la camerele de hotel. Femeie de serviciu (nivel 1)Realizeaz\u0103 activit\u0103\u0163i de igienizare \u015fi \u00eentre\u0163inere a spa\u0163iilor \u015fi echipamentelor. Ajutor buc\u0103tar (nivel 1)Particip\u0103 la preg\u0103tirea \u015fi manipularea ingredientelor \u015fi asigur\u0103 cur\u0103\u0163enia echipamentelor \u015fi spa\u0163iilor din buc\u0103t\u0103rie. Operator deratizare, dezinsec\u0163ie \u015fi...","protected":false},"author":1,"featured_media":0,"parent":0,"menu_order":0,"comment_status":"closed","ping_status":"closed","template":"","meta":{"footnotes":""},"class_list":["post-362","page","type-page","status-publish","hentry"],"_links":{"self":[{"href":"https:\/\/startconsiliere.com\/index.php?rest_route=\/wp\/v2\/pages\/362","targetHints":{"allow":["GET"]}}],"collection":[{"href":"https:\/\/startconsiliere.com\/index.php?rest_route=\/wp\/v2\/pages"}],"about":[{"href":"https:\/\/startconsiliere.com\/index.php?rest_route=\/wp\/v2\/types\/page"}],"author":[{"embeddable":true,"href":"https:\/\/startconsiliere.com\/index.php?rest_route=\/wp\/v2\/users\/1"}],"replies":[{"embeddable":true,"href":"https:\/\/startconsiliere.com\/index.php?rest_route=%2Fwp%2Fv2%2Fcomments&post=362"}],"version-history":[{"count":18,"href":"https:\/\/startconsiliere.com\/index.php?rest_route=\/wp\/v2\/pages\/362\/revisions"}],"predecessor-version":[{"id":479,"href":"https:\/\/startconsiliere.com\/index.php?rest_route=\/wp\/v2\/pages\/362\/revisions\/479"}],"wp:attachment":[{"href":"https:\/\/startconsiliere.com\/index.php?rest_route=%2Fwp%2Fv2%2Fmedia&parent=362"}],"curies":[{"name":"wp","href":"https:\/\/api.w.org\/{rel}","templated":true}]}}