{"id":396,"date":"2025-06-23T12:18:41","date_gmt":"2025-06-23T09:18:41","guid":{"rendered":"https:\/\/accesformare.com\/?page_id=396"},"modified":"2025-06-23T12:38:03","modified_gmt":"2025-06-23T09:38:03","slug":"rezultate-previzionate","status":"publish","type":"page","link":"https:\/\/startconsiliere.com\/?page_id=396","title":{"rendered":"Rezultate previzionate"},"content":{"rendered":"<section class=\"l-section wpb_row height_medium\"><div class=\"l-section-h i-cf\"><div class=\"g-cols vc_row via_grid cols_1 laptops-cols_inherit tablets-cols_inherit mobiles-cols_1 valign_top type_default stacking_default\"><div class=\"wpb_column vc_column_container us_custom_f18e90ad has_bg_color\"><div class=\"vc_column-inner\"><div class=\"w-text us_custom_3f70380e\"><span class=\"w-text-h\"><span class=\"w-text-value\">Rezultate previzionate<\/span><\/span><\/div><div class=\"w-separator size_small\"><\/div><div class=\"wpb_text_column\"><div class=\"wpb_wrapper\"><p>\u00cen cadrul proiectului, vor fi ob\u021binute o serie de rezultate semnificative, structurate pe mai multe activit\u0103\u021bi cheie:<\/p>\n<p><strong>Elaborarea unei metodologii de consiliere \u0219i orientare profesional\u0103<\/strong>, care va stabili un cadru clar \u0219i eficient pentru consilierea beneficiarilor, precum si o metodologie de evaluare initiala a nivelului de competente si de elaborare a planului individualizat de formare.<\/p>\n<p><strong>Realizarea a 308 \u0219edin\u021be de evaluare<\/strong>, fiecare cu o durat\u0103 medie de 4 ore per beneficiar in vederea\u00a0 evalu\u0103rii nivelul actual de competen\u021be ale beneficiarilor \u0219i de a propune direc\u021bii de formare personalizate, \u00een func\u021bie de nevoile acestora.<\/p>\n<p><strong>Organizarea sesiunilor de consiliere \u0219i tutorat<\/strong> pentru fiecare dintre cei 308 beneficiari, cu o durat\u0103 medie de 4 ore per participant<\/p>\n<p><strong>Evaluarea competen\u021belor <\/strong>a 14 participan\u021bi, dintre care minim 10 vor ob\u021bine o calificare la finalul procesului<\/p>\n<p><strong>Organizarea a 6 programe de competen\u021be<\/strong>, implic\u00e2nd un total de 84 de participan\u021bi, to\u021bi ob\u021bin\u00e2nd diplome de participare la finalul cursurilor<\/p>\n<p><strong>Organizarea cursurilor\u00a0 de calificare Nivel 2 <\/strong>pentru 84 de persoane, iar minim 60 dintre ace\u0219tia vor ob\u021bine o calificare la finalizarea cursurilor<\/p>\n<p><strong>Organizarea cursurilor\u00a0 de calificare Nivel 1 <\/strong>pentru 210 de participan\u021bi, iar minim 149 dintre ace\u0219tia vor ob\u021bine un certificat\u00a0 de absolvire la finalizarea programului<\/p>\n<p><strong>Acordarea a \u00a0294 subventii <\/strong>participantilor la programele de calificare astfel: 84 subventii la programele de calificare de tip 2 si 210 subventii la programele de calificare de tip 1<\/p>\n<p><strong>Organizarea a \u00a024 de campanii de identificare si constientizare<\/strong> menite s\u0103 identifice \u0219i s\u0103 con\u0219tientizeze 308 persoane din grupul \u021bint\u0103 cu privire la importan\u021ba particip\u0103rii la cursuri de formare profesional\u0103 continu\u0103 (FPC).<\/p>\n<p><strong>\u00cencheierea a 3 parteneriate<\/strong> cu firme de formare profesional\u0103, asocia\u021bii profesionale \u0219i agen\u021bii de ocupare \u0219i plasare a for\u021bei de munc\u0103<\/p>\n<p><strong>Organizarea a 2 conferin\u021be<\/strong> pentru informarea \u0219i diseminarea rezultatelor proiectului.<\/p>\n<\/div><\/div><\/div><\/div><\/div><\/div><\/section>\n","protected":false},"excerpt":{"rendered":"Rezultate previzionate\u00cen cadrul proiectului, vor fi ob\u021binute o serie de rezultate semnificative, structurate pe mai multe activit\u0103\u021bi cheie: Elaborarea unei metodologii de consiliere \u0219i orientare profesional\u0103, care va stabili un cadru clar \u0219i eficient pentru consilierea beneficiarilor, precum si o metodologie de evaluare initiala a nivelului de competente si de elaborare a planului individualizat de...","protected":false},"author":1,"featured_media":0,"parent":0,"menu_order":0,"comment_status":"closed","ping_status":"closed","template":"","meta":{"footnotes":""},"class_list":["post-396","page","type-page","status-publish","hentry"],"_links":{"self":[{"href":"https:\/\/startconsiliere.com\/index.php?rest_route=\/wp\/v2\/pages\/396","targetHints":{"allow":["GET"]}}],"collection":[{"href":"https:\/\/startconsiliere.com\/index.php?rest_route=\/wp\/v2\/pages"}],"about":[{"href":"https:\/\/startconsiliere.com\/index.php?rest_route=\/wp\/v2\/types\/page"}],"author":[{"embeddable":true,"href":"https:\/\/startconsiliere.com\/index.php?rest_route=\/wp\/v2\/users\/1"}],"replies":[{"embeddable":true,"href":"https:\/\/startconsiliere.com\/index.php?rest_route=%2Fwp%2Fv2%2Fcomments&post=396"}],"version-history":[{"count":3,"href":"https:\/\/startconsiliere.com\/index.php?rest_route=\/wp\/v2\/pages\/396\/revisions"}],"predecessor-version":[{"id":400,"href":"https:\/\/startconsiliere.com\/index.php?rest_route=\/wp\/v2\/pages\/396\/revisions\/400"}],"wp:attachment":[{"href":"https:\/\/startconsiliere.com\/index.php?rest_route=%2Fwp%2Fv2%2Fmedia&parent=396"}],"curies":[{"name":"wp","href":"https:\/\/api.w.org\/{rel}","templated":true}]}}